{"id":249,"date":"2022-04-07T22:40:37","date_gmt":"2022-04-07T20:40:37","guid":{"rendered":"https:\/\/association-toulouse-gravure.alwaysdata.net\/?page_id=249"},"modified":"2025-12-09T20:50:27","modified_gmt":"2025-12-09T19:50:27","slug":"fonctionnement","status":"publish","type":"page","link":"https:\/\/association-toulouse-gravure.alwaysdata.net\/index.php\/fonctionnement\/","title":{"rendered":"Fonctionnement"},"content":{"rendered":"\n<p><\/p>\n\n\n\n<ul class=\"wp-block-list\">\n<li>L&rsquo;atelier de gravure taille-douce est g\u00e9r\u00e9 par les adh\u00e9rents de l&rsquo;association Toulouse gravure.<\/li>\n\n\n\n<li>L&rsquo; acc\u00e8s \u00e0 l&rsquo;atelier est libre pour les adh\u00e9rents \u00e0 jour de leur cotisation,  \u00e0 raison de 1 journ\u00e9e tous quinze jours ou une demi-journ\u00e9e par semaine et plus en fonction de la disponibilit\u00e9 de l&rsquo;atelier<\/li>\n\n\n\n<li>La capacit\u00e9 maximale est de 5 personnes dans l&rsquo;atelier pour les activit\u00e9s d&rsquo;encrage et d&rsquo;impression.<\/li>\n\n\n\n<li>L&rsquo;adh\u00e9sion \u00e0 l&rsquo;association Toulouse gravure  est de 25 euros  par an.<\/li>\n\n\n\n<li>Cotisation annuelle: elle est payable en une seule fois au moment de l&rsquo;inscription. Un paiement \u00e9chelonn\u00e9 sur l&rsquo;ann\u00e9e de pratique est propos\u00e9: 3 ch\u00e8ques remis au moment de l&rsquo;inscription et encaiss\u00e9s et encaiss\u00e9 en diff\u00e9r\u00e9   fin septembre, fin janvier et fin mai. (Aucune inscription \u00e0 la pratique de la gravure au sein des locaux ne sera prise sans le versement pr\u00e9alable et total de la cotisation annuelle).<\/li>\n\n\n\n<li>La cotisation annuelle  couvre entre autres le mat\u00e9riel n\u00e9cessaire \u00e0 l&rsquo;exception du papier et des plaques \u00e0 graver.<\/li>\n\n\n\n<li>Les adh\u00e9rents peuvent se fournir en papier dans l&rsquo;atelier aux prix indiqu\u00e9s.<\/li>\n\n\n\n<li>Des achats collectifs sont pr\u00e9vus pour l&rsquo;achat du materiel \u00e0 graver ( plaques de m\u00e9tal ou de rh\u00e9nalon) <\/li>\n\n\n\n<li>Les r\u00e8gles de s\u00e9curit\u00e9, en particulier pour la manipulation des mordants,  et les bonnes pratiques de mises en oeuvre du mat\u00e9riel collectif sont rappel\u00e9es dans l&rsquo;atelier, en particulier en ce qui concerne les presses (rouleaux, langes, plateaux et syst\u00e8me d&rsquo;entra\u00eenement).<\/li>\n\n\n\n<li>Un atelier d&rsquo;initiation et de formation est propos\u00e9  tous les mercredis  ainsi qu&rsquo;un atelier de formation \u00e0 la technique du burin<\/li>\n\n\n\n<li>Des stages\/initiations\/formations sont organis\u00e9s pour les adh\u00e9rents souhaitant s&rsquo;initier   ou se perfectionner \u00e0 des techniques particuli\u00e8res (gravure au burin, vernis mou, mani\u00e8re noire, carborundum, etc&#8230;) <\/li>\n<\/ul>\n","protected":false},"excerpt":{"rendered":"","protected":false},"author":2,"featured_media":0,"parent":0,"menu_order":0,"comment_status":"closed","ping_status":"closed","template":"","meta":{"footnotes":""},"class_list":["post-249","page","type-page","status-publish","hentry"],"_links":{"self":[{"href":"https:\/\/association-toulouse-gravure.alwaysdata.net\/index.php\/wp-json\/wp\/v2\/pages\/249","targetHints":{"allow":["GET"]}}],"collection":[{"href":"https:\/\/association-toulouse-gravure.alwaysdata.net\/index.php\/wp-json\/wp\/v2\/pages"}],"about":[{"href":"https:\/\/association-toulouse-gravure.alwaysdata.net\/index.php\/wp-json\/wp\/v2\/types\/page"}],"author":[{"embeddable":true,"href":"https:\/\/association-toulouse-gravure.alwaysdata.net\/index.php\/wp-json\/wp\/v2\/users\/2"}],"replies":[{"embeddable":true,"href":"https:\/\/association-toulouse-gravure.alwaysdata.net\/index.php\/wp-json\/wp\/v2\/comments?post=249"}],"version-history":[{"count":9,"href":"https:\/\/association-toulouse-gravure.alwaysdata.net\/index.php\/wp-json\/wp\/v2\/pages\/249\/revisions"}],"predecessor-version":[{"id":763,"href":"https:\/\/association-toulouse-gravure.alwaysdata.net\/index.php\/wp-json\/wp\/v2\/pages\/249\/revisions\/763"}],"wp:attachment":[{"href":"https:\/\/association-toulouse-gravure.alwaysdata.net\/index.php\/wp-json\/wp\/v2\/media?parent=249"}],"curies":[{"name":"wp","href":"https:\/\/api.w.org\/{rel}","templated":true}]}}