{"id":14,"date":"2021-12-23T19:06:48","date_gmt":"2021-12-23T18:06:48","guid":{"rendered":"https:\/\/association-toulouse-gravure.alwaysdata.net\/?page_id=14"},"modified":"2026-02-12T20:49:04","modified_gmt":"2026-02-12T19:49:04","slug":"accueil","status":"publish","type":"page","link":"https:\/\/association-toulouse-gravure.alwaysdata.net\/","title":{"rendered":"Atelier de gravure"},"content":{"rendered":"\n<p>5 rue Garrigou , 31500 Toulouse<\/p>\n\n\n\n<ul class=\"wp-block-list\">\n<li><strong>Traditionnel \u00e9change de gravures \u00e0 l&rsquo;occasion de notre galette des Rois 2026.<\/strong><\/li>\n<\/ul>\n\n\n\n<div class=\"wp-block-media-text alignwide has-media-on-the-right is-stacked-on-mobile\" style=\"grid-template-columns:auto 85%\"><div class=\"wp-block-media-text__content\">\n<p><\/p>\n<\/div><figure class=\"wp-block-media-text__media\"><img loading=\"lazy\" decoding=\"async\" width=\"1024\" height=\"737\" src=\"https:\/\/association-toulouse-gravure.alwaysdata.net\/wp-content\/uploads\/2026\/02\/Capture-de\u0301cran-2026-02-12-a\u0300-20.45.36.png\" alt=\"\" class=\"wp-image-791 size-full\" srcset=\"https:\/\/association-toulouse-gravure.alwaysdata.net\/wp-content\/uploads\/2026\/02\/Capture-de\u0301cran-2026-02-12-a\u0300-20.45.36.png 1024w, https:\/\/association-toulouse-gravure.alwaysdata.net\/wp-content\/uploads\/2026\/02\/Capture-de\u0301cran-2026-02-12-a\u0300-20.45.36-300x216.png 300w, https:\/\/association-toulouse-gravure.alwaysdata.net\/wp-content\/uploads\/2026\/02\/Capture-de\u0301cran-2026-02-12-a\u0300-20.45.36-768x553.png 768w\" sizes=\"auto, (max-width: 1024px) 100vw, 1024px\" \/><\/figure><\/div>\n\n\n\n<p><em><strong>Je vous aime, graveurs, et partage votre \u00e9motion quand vous \u00e9levez \u00e0 la lumi\u00e8re, tout humide encore, et d\u00e9licatement pinc\u00e9 du bout des doigts , un petit rectangle de papier \u00e0 peine issu des langes de la presse.<\/strong><\/em><\/p>\n\n\n\n<p><em><strong>Paul Valery.<\/strong><\/em><\/p>\n\n\n\n<figure class=\"wp-block-image size-full\"><img loading=\"lazy\" decoding=\"async\" width=\"858\" height=\"758\" src=\"https:\/\/association-toulouse-gravure.alwaysdata.net\/wp-content\/uploads\/2026\/01\/Carte-de-voeux-2026.png\" alt=\"\" class=\"wp-image-777\" srcset=\"https:\/\/association-toulouse-gravure.alwaysdata.net\/wp-content\/uploads\/2026\/01\/Carte-de-voeux-2026.png 858w, https:\/\/association-toulouse-gravure.alwaysdata.net\/wp-content\/uploads\/2026\/01\/Carte-de-voeux-2026-300x265.png 300w, https:\/\/association-toulouse-gravure.alwaysdata.net\/wp-content\/uploads\/2026\/01\/Carte-de-voeux-2026-768x678.png 768w\" sizes=\"auto, (max-width: 858px) 100vw, 858px\" \/><\/figure>\n\n\n\n<div class=\"wp-block-kevinbatdorf-animate-in-view\" animatein=\"animate-in-view\" enabled=\"1\" once=\"1\" direction=\"1\" threshold=\"1\" timing=\"1\" offset=\"2rem\">\n<p><strong>L&rsquo;association Toulouse Gravure dans le D\u00e9p\u00eache du Midi <\/strong><\/p>\n\n\n\n<p><strong>( 5 d\u00e9cembre 2025)<\/strong><\/p>\n<\/div>\n\n\n\n<figure class=\"wp-block-image size-full\"><img loading=\"lazy\" decoding=\"async\" width=\"438\" height=\"912\" src=\"https:\/\/association-toulouse-gravure.alwaysdata.net\/wp-content\/uploads\/2025\/12\/Capture-de\u0301cran-2025-12-09-a\u0300-20.52.12.png\" alt=\"\" class=\"wp-image-765\" srcset=\"https:\/\/association-toulouse-gravure.alwaysdata.net\/wp-content\/uploads\/2025\/12\/Capture-de\u0301cran-2025-12-09-a\u0300-20.52.12.png 438w, https:\/\/association-toulouse-gravure.alwaysdata.net\/wp-content\/uploads\/2025\/12\/Capture-de\u0301cran-2025-12-09-a\u0300-20.52.12-144x300.png 144w\" sizes=\"auto, (max-width: 438px) 100vw, 438px\" \/><\/figure>\n\n\n\n<div class=\"wp-block-group is-nowrap is-layout-flex wp-container-core-group-is-layout-ad2f72ca wp-block-group-is-layout-flex\">\n<div class=\"wp-block-columns is-layout-flex wp-container-core-columns-is-layout-9d6595d7 wp-block-columns-is-layout-flex\">\n<div class=\"wp-block-column is-layout-flow wp-block-column-is-layout-flow\" style=\"flex-basis:100%\">\n<div class=\"wp-block-group\"><div class=\"wp-block-group__inner-container is-layout-constrained wp-block-group-is-layout-constrained\">\n<div class=\"wp-block-columns is-layout-flex wp-container-core-columns-is-layout-9d6595d7 wp-block-columns-is-layout-flex\">\n<div class=\"wp-block-column is-layout-flow wp-block-column-is-layout-flow\" style=\"flex-basis:100%\">\n<div class=\"wp-block-group\"><div class=\"wp-block-group__inner-container is-layout-constrained wp-block-group-is-layout-constrained\">\n<h4 class=\"wp-block-heading\">Prise de contact avec l&rsquo;association<\/h4>\n<\/div><\/div>\n<\/div>\n<\/div>\n<\/div><\/div>\n<\/div>\n<\/div>\n<\/div>\n\n\n\n<ul class=\"wp-block-list\">\n<li><strong>Ateliers<\/strong> \n<ul class=\"wp-block-list\">\n<li><strong>Atelier d\u00e9couverte et initiation \u00e0 la gravure le mercredi<\/strong>.<\/li>\n\n\n\n<li><strong>Atelier burin et mani\u00e8re noire, \u00e9lectrogravure et autres techniques taille-douce: contactez nous.<\/strong><\/li>\n<\/ul>\n<\/li>\n\n\n\n<li><strong>Contacts, renseignements et rendez-vous:<\/strong> asso.toulousegravure@gmail.com<\/li>\n<\/ul>\n\n\n\n<figure class=\"wp-block-gallery has-nested-images columns-default is-cropped wp-block-gallery-1 is-layout-flex wp-block-gallery-is-layout-flex\">\n<figure class=\"wp-block-image size-full\"><img loading=\"lazy\" decoding=\"async\" width=\"300\" height=\"402\" data-id=\"358\" src=\"https:\/\/association-toulouse-gravure.alwaysdata.net\/wp-content\/uploads\/2022\/04\/Capture-de\u0301cran-2022-04-17-a\u0300-17.20.48.png\" alt=\"\" class=\"wp-image-358\" srcset=\"https:\/\/association-toulouse-gravure.alwaysdata.net\/wp-content\/uploads\/2022\/04\/Capture-de\u0301cran-2022-04-17-a\u0300-17.20.48.png 300w, https:\/\/association-toulouse-gravure.alwaysdata.net\/wp-content\/uploads\/2022\/04\/Capture-de\u0301cran-2022-04-17-a\u0300-17.20.48-224x300.png 224w\" sizes=\"auto, (max-width: 300px) 100vw, 300px\" \/><\/figure>\n\n\n\n<figure class=\"wp-block-image size-large\"><img loading=\"lazy\" decoding=\"async\" width=\"500\" height=\"376\" data-id=\"28\" src=\"https:\/\/association-toulouse-gravure.alwaysdata.net\/wp-content\/uploads\/2021\/12\/Capture-de\u0301cran-2021-12-25-a\u0300-17.45.32.png\" alt=\"\" class=\"wp-image-28\" srcset=\"https:\/\/association-toulouse-gravure.alwaysdata.net\/wp-content\/uploads\/2021\/12\/Capture-de\u0301cran-2021-12-25-a\u0300-17.45.32.png 500w, https:\/\/association-toulouse-gravure.alwaysdata.net\/wp-content\/uploads\/2021\/12\/Capture-de\u0301cran-2021-12-25-a\u0300-17.45.32-300x226.png 300w\" sizes=\"auto, (max-width: 500px) 100vw, 500px\" \/><\/figure>\n\n\n\n<figure class=\"wp-block-image size-large is-style-default\"><img loading=\"lazy\" decoding=\"async\" width=\"768\" height=\"1024\" data-id=\"361\" src=\"https:\/\/association-toulouse-gravure.alwaysdata.net\/wp-content\/uploads\/2022\/04\/PXL_20220411_070127232-768x1024.jpg\" alt=\"\" class=\"wp-image-361\" srcset=\"https:\/\/association-toulouse-gravure.alwaysdata.net\/wp-content\/uploads\/2022\/04\/PXL_20220411_070127232-768x1024.jpg 768w, https:\/\/association-toulouse-gravure.alwaysdata.net\/wp-content\/uploads\/2022\/04\/PXL_20220411_070127232-225x300.jpg 225w, https:\/\/association-toulouse-gravure.alwaysdata.net\/wp-content\/uploads\/2022\/04\/PXL_20220411_070127232.jpg 800w\" sizes=\"auto, (max-width: 768px) 100vw, 768px\" \/><\/figure>\n<\/figure>\n\n\n\n<p><\/p>\n\n\n\n<ul class=\"wp-block-list\">\n<li>Facebook: \u00ab\u00a0<strong>Association Toulouse Gravure Garrigou<\/strong>\u00ab\u00a0<\/li>\n<\/ul>\n\n\n\n<p><\/p>\n\n\n\n<ul class=\"wp-block-list\">\n<li>Instagram: \u00ab\u00a0<strong>assocationtoulousegravure<\/strong>\u00ab\u00a0<\/li>\n<\/ul>\n\n\n\n<p><\/p>\n","protected":false},"excerpt":{"rendered":"<p>5 rue Garrigou , 31500 Toulouse Je vous aime, graveurs, et partage votre \u00e9motion quand vous \u00e9levez \u00e0 la lumi\u00e8re, tout humide encore, et d\u00e9licatement pinc\u00e9 du bout des doigts , un petit rectangle de papier \u00e0 peine issu des langes de la presse. Paul Valery. Prise de contact avec l&rsquo;association<\/p>\n","protected":false},"author":1,"featured_media":0,"parent":0,"menu_order":0,"comment_status":"closed","ping_status":"closed","template":"","meta":{"footnotes":""},"class_list":["post-14","page","type-page","status-publish","hentry"],"_links":{"self":[{"href":"https:\/\/association-toulouse-gravure.alwaysdata.net\/index.php\/wp-json\/wp\/v2\/pages\/14","targetHints":{"allow":["GET"]}}],"collection":[{"href":"https:\/\/association-toulouse-gravure.alwaysdata.net\/index.php\/wp-json\/wp\/v2\/pages"}],"about":[{"href":"https:\/\/association-toulouse-gravure.alwaysdata.net\/index.php\/wp-json\/wp\/v2\/types\/page"}],"author":[{"embeddable":true,"href":"https:\/\/association-toulouse-gravure.alwaysdata.net\/index.php\/wp-json\/wp\/v2\/users\/1"}],"replies":[{"embeddable":true,"href":"https:\/\/association-toulouse-gravure.alwaysdata.net\/index.php\/wp-json\/wp\/v2\/comments?post=14"}],"version-history":[{"count":75,"href":"https:\/\/association-toulouse-gravure.alwaysdata.net\/index.php\/wp-json\/wp\/v2\/pages\/14\/revisions"}],"predecessor-version":[{"id":792,"href":"https:\/\/association-toulouse-gravure.alwaysdata.net\/index.php\/wp-json\/wp\/v2\/pages\/14\/revisions\/792"}],"wp:attachment":[{"href":"https:\/\/association-toulouse-gravure.alwaysdata.net\/index.php\/wp-json\/wp\/v2\/media?parent=14"}],"curies":[{"name":"wp","href":"https:\/\/api.w.org\/{rel}","templated":true}]}}